the tens digit of 6 - (u/8)/((-13)/104)?
8
Let l = -1188 - -2285. Suppose 2*q + 39*c - l = 44*c, 0 = -5*q + c + 2708. What is the tens digit of q?
4
Let z = 81 + -1. Let s = 277 - 135. Let n = s - z. What is the units digit of n?
2
Suppose -30*l = -118*l - 33*l + 230626. What is the hundreds digit of l?
9
Let d(c) = 43*c - 314. Suppose -39*w + 24 = -37*w. What is the tens digit of d(w)?
0
Let y = 188 + -137. Suppose -y*v = -49*v - 144. Suppose 7*j = -2*k + 5*j + v, 4*j - 184 = -5*k. What is the tens digit of k?
4
Let y(j) = 30*j**2 + 3*j + 70. Let b(x) = -16*x**2 - 2*x - 35. Let d(r) = 7*b(r) + 4*y(r). What is the units digit of d(8)?
1
Suppose 3*x - 6 + 0 = 0. Suppose x*y = s - 3*y - 287, 4*y - 4 = 0. Suppose -s - 113 = -3*v. What is the units digit of v?
5
Let j(n) = -n**2 + 9*n + 12. Let m be j(10). Suppose 12 = g + 5*i, m*g + 28 = i + 2*i. Let f = 15 - g. What is the tens digit of f?
2
Let k = 274 - 270. What is the hundreds digit of (-78408)/(-117) + k/(-26)?
6
Suppose 5*w = p + 3*p - 34, -w - 20 = -3*p. What is the tens digit of 3 - -279 - (p - 1)?
7
Suppose -546 - 423 = -o + 4*w, 2958 = 3*o + 5*w. Let l = -348 + o. Suppose -d = 4*m - 543, 5*d - 60 = 4*m - l. What is the units digit of m?
7
What is the tens digit of (-11 - (10 + -4356)) + -11?
2
Let c(f) = 11*f**3 + 2*f**2 - 2*f - 3. Let l be c(-2). Let k = l - -146. Let q = -61 + k. What is the units digit of q?
6
Let s = -26 + 96. Suppose -z + 2*z - 3*i = s, -152 = -2*z + 2*i. What is the tens digit of z?
7
Let b(c) be the first derivative of c**3/3 - 13*c**2 - 20*c - 14. Let k be b(26). What is the hundreds digit of (-2536)/k + (-1)/(-5)?
1
Suppose -29*u - 4*d - 7308 = -30*u, -5*u + 2*d + 36576 = 0. What is the hundreds digit of u?
3
Suppose 110 = 8*i + 3*i. Suppose -6*h + 2*h + 3*z = -25, 4*h = -2*z + i. Suppose 3*y = -h*l - 7, 0 = -3*l - 2*y - 2 - 2. What is the units digit of l?
2
Let d(q) = 4*q**3 + q**2 - 2*q. Let w be (-3)/7 + 6/14. Suppose 3*p - 6 + 0 = w. What is the units digit of d(p)?
2
Let p = -114 + 134. Suppose 0 = p*o + 370 - 6090. What is the hundreds digit of o?
2
Suppose 2*v - 12*q + 18626 = -14*q, 3*q = -3. What is the units digit of 36/(-234) - v/26?
8
Let r be 0*(-1 + 4/16*3). Suppose 0 = 4*l + j - 395, -4*l + j + 2*j + 383 = r. Suppose l = w + 35. What is the tens digit of w?
6
Let f(j) be the third derivative of 19*j**4/12 - 89*j**3/3 + j**2 - 71*j. What is the units digit of f(35)?
2
Suppose 4*g = -4*n + 5776, -20 = n + 3*n. Let m = g - 862. What is the tens digit of m?
8
Suppose -6*w = -2*w - 8. Suppose -4*a + 20 = -3*s, -2*a - 2*s = w*a. Suppose a*f - 184 = -4*j + 4*f, 5*j + 3*f - 219 = 0. What is the tens digit of j?
4
Let x be 13*-2 + 80/(-40). What is the tens digit of 8/x + (-24720)/(-35)?
0
Suppose 2*y + h - 17553 = 0, 2*h - 16404 = -3*y + 9924. What is the hundreds digit of y?
7
Suppose 171 = 3*k + 168. Suppose -y - g + k = 8, y + 37 = 5*g. What is the tens digit of y/42 - (-226)/7*1?
3
Let i = 48 + -15. Suppose i*g + 991 - 19273 = 0. What is the units digit of g?
4
Let d = 48585 + -30331. What is the thousands digit of d?
8
Let v(j) = 3*j**3 - 2*j**2 + 6. Let f be v(3). Suppose -9*m - f = -12*m. Let r = 29 - m. What is the units digit of r?
6
Let r(u) = 4*u**2 + 11*u - 10. Let m(n) = -n**2 - n + 6. Let o(p) = m(p) + r(p). Let f be 29/(-4) + (-3)/(-12). What is the tens digit of o(f)?
7
Let q = 22 - 52. Let v be ((-11)/(275/q))/((-1)/(-20)). What is the tens digit of v/18*(3 + 174)?
3
Let f = 2123 - -2392. What is the thousands digit of f?
4
Let k(x) = -3*x**3 + 11*x**2 + 23*x + 2. What is the hundreds digit of k(-14)?
0
Let l = 58754 + -23538. What is the thousands digit of l?
5
Let p(t) = t**3 - 2*t**2 + 3*t + 7. Let w be 0 - 2 - (5 + (-6)/3). Let s = w - -10. What is the units digit of p(s)?
7
Let h = -54 - 343. Let v = 713 + h. What is the units digit of v?
6
Suppose -1755*j + 3420 = -1749*j. What is the units digit of j?
0
Let m be (17/(-1) - 1) + 2. Let a(d) be the third derivative of -d**4/4 - 2*d**3 - 2*d**2 + 91*d. What is the tens digit of a(m)?
8
Let a = 7158 + -4661. What is the hundreds digit of a?
4
Let y be (186/4)/(99/15378). Suppose 442 = 15*c - y. What is the hundreds digit of c?
5
Let y = -56 + 58. Suppose 4*h = y*u - 0*u + 6, 0 = 5*u - 15. Suppose -5*w + 553 = 3*b + b, 5*b - 701 = -h*w. What is the hundreds digit of b?
1
Suppose 0 = 3*m + 12 - 42. Let c(g) = -19 - m*g + 23*g - 29 - 2*g. What is the tens digit of c(14)?
0
Let j = 143 + -126. Suppose -j*m = -1950 - 4595. What is the tens digit of m?
8
Suppose 211*s - 216*s = -6535. Let m = s + -545. What is the units digit of m?
2
Suppose 6*p - 2*p = 4*s - 864, 3*p + 214 = s. Suppose 5*t = -z + 4*z - 1125, t + z = -s. Let g = t + 383. What is the hundreds digit of g?
1
Let o(p) = p**2 + 7*p - 25. Let l be o(-10). Suppose -3*z - 5*t - 2647 = -l*z, 2*z = 2*t + 2632. What is the units digit of z?
1
Let p be 5 - 9/((-27)/714). Suppose 2*a = p + 85. What is the tens digit of a?
6
Let p = -20 - -15. Let m be ((-3)/p)/(8/240). What is the units digit of 5199/18 - (-3)/m?
9
Let k = 418 - -2928. What is the thousands digit of k?
3
Let y = -177 + 196. Suppose -1997 = -4*o + y. What is the tens digit of o?
0
Let g = 778 + -774. Suppose -5*v + u + 4729 = 0, g*v + 1211 - 4997 = -2*u. What is the units digit of v?
6
Suppose 860 = 4*w + 2*p - 390, -1562 = -5*w - 2*p. What is the hundreds digit of (w/16)/(1/34)?
6
What is the tens digit of (-11186045)/(-2275) + 4/70?
1
Suppose 0 = 3*j + j - 408. Suppose -5*o - 86 = -2*x - 4*o, -5*o = -2*x + j. Suppose f + x - 139 = 0. What is the tens digit of f?
9
Suppose 22*d = 52525 + 22715. What is the units digit of d?
0
Let w(p) = 5*p**2 - 23*p + 182. What is the hundreds digit of w(9)?
3
Suppose -28 - 38 = -2*l. Suppose 2*c + 3*k = 1258, -k = -32*c + l*c - 627. What is the tens digit of c?
2
Let d = 405 + -49. Suppose 5750 = 6*j + d. What is the tens digit of j?
9
Suppose 2*k = -t + 11, 5*t - 7 = 4*k - 6*k. Suppose 0 = 11*i - 13*i + k. Suppose -2*b + n = -413 + 144, -i*b - 3*n + 399 = 0. What is the tens digit of b?
3
Let s(i) = 26*i**2 - 41*i + 9. Let r be s(5). What is the units digit of -5 + 0 + r/(-4)*-4?
9
Let v(n) = -41*n**3 - 10*n**2 - 26*n + 29. What is the tens digit of v(-6)?
8
Let q = 6313 + 11995. What is the tens digit of q?
0
What is the units digit of ((221/119)/(-13))/((-185454)/185451 - -1)?
1
Suppose 5*r - 20 = 5*x, 5*r + 19 = -x - 9. Let k be 23 + -19 + (-1 - x). Let l(u) = 3*u - 20. What is the units digit of l(k)?
3
Suppose 200123 = 105*v - 47*v - 47*v. What is the units digit of v?
3
Suppose 3*y - 2*i + 7136 = 21494, -y = 5*i - 4786. What is the hundreds digit of y?
7
What is the units digit of 5001*((-2552)/12)/(-29)?
4
Suppose 5*p + 2*k = 249, -4*p - 3*k = 2*k - 206. Suppose -p*b + 47*b = -110. What is the tens digit of b?
5
Suppose -3321*y + 3323*y - 5812 = 0. Suppose -y = -3*l + 97. What is the units digit of l?
1
Let k = -743 - -8784. What is the thousands digit of k?
8
Let g(b) = -b**2 - b + 3. Let l(z) = -2*z**2 - z + 7. Let t be 2/3*(-45)/(-15). Let c(a) = t*l(a) - 5*g(a). What is the units digit of c(7)?
9
Let s = 352 + -365. Let k(g) = 5*g**2 + 10*g + 145. What is the units digit of k(s)?
0
Let y = 420 - 238. Suppose -20 + y = -z. Let q = z - -259. What is the tens digit of q?
9
Let g(f) = 4*f + 14. Let o be g(-6). What is the tens digit of (-1197)/(-24)*(-24)/18*o?
6
Let p be (6/9)/((-4)/(-354)). Suppose -p = -w - 57. What is the units digit of w?
2
Let s be (-4)/12*(0 - -3) - -28. Let g = 14 + s. Let w = g + 1. What is the tens digit of w?
4
Let l = -983 - -2000. What is the units digit of l?
7
Let c = 12369 - 6262. What is the tens digit of c?
0
Let u(q) = -9*q - 252. Let s be u(-28). Suppose 5*i + 9*w - 5*w - 7843 = 0, 5*w - 10 = s. What is the thousands digit of i?
1
Let k(p) be the first derivative of 9 - 1/2*p**2 - p. What is the units digit of k(-5)?
4
What is the tens digit of (-588)/10*((-65)/3 - (-550)/330)?
7
Let j(g) = -g**3 - 9*g**2 + 13*g + 25. Let b be j(-10). Let l(a) = a**3 + 7*a**2 + 10*a - 1. Let w be l(b). What is the units digit of 6/2 - w*(-1 - -2)?
4
Let u be 3/1 + 1 - (-8 + -480). What is the hundreds digit of (-9)/((27/u)/(-3))?
4
Suppose -4*l = -3*v - 11507, 215*v - 20 = 219*v. What is the thousand